**2 + 8 - 2 + 4 - 8*j + z. Let l be c(-9). Let p(o) = o**3 - o + 1. Determine p(l).
1
Let y(l) be the second derivative of -l**4/12 - 2*l**3/3 + 2*l**2 - 5*l. Give y(-6).
-8
Let a(o) = 4*o**3 + o. Let g(l) = -l**3 + 9*l**2 + 12*l - 19. Let r be g(10). What is a(r)?
5
Let r be 10/(-45) + 29/9. Let h(c) = 2*c**2 - r - 3*c - 2*c**2 + c**2. Let y be (-9)/(-2) + (-1)/(-2). Give h(y).
7
Let z = 2 + 9. Suppose -2*h + z - 1 = 0. Let m(v) = 2*v - 1. Calculate m(h).
9
Let z(k) be the second derivative of k**4/12 + 2*k**3/3 - 5*k**2/2 - 3*k. Calculate z(-6).
7
Let a(d) = 3*d - 39*d**2 + 4 + 2*d + 0*d + 40*d**2. Determine a(-5).
4
Let c(t) = 5*t - 15. Let d(l) = -3*l + 7. Let o(f) = 6*c(f) + 13*d(f). Suppose -3*z - g + 7 = 0, -4*g + 0*g = 3*z - 19. What is o(z)?
-8
Let x(o) = -5*o - 2. Let y be 2 + -3 + 0 - -5. Let d = y + -6. What is x(d)?
8
Suppose 7 = -5*k - 4*h - 23, 4*k = -2*h - 24. Let z(a) = 2*a**2 + 8*a - 6. Give z(k).
18
Let s(g) = g**2 - 6*g + 4. Suppose 2*u = u + 5. Give s(u).
-1
Suppose 5*z = -m + 12 + 3, -16 = 4*m + z. Let d = m - -9. Let k(j) be the first derivative of j**3/3 - 3*j**2 + 5*j - 13. Calculate k(d).
-3
Suppose 5 = r - 0. Let m(f) = 0*f**2 + r*f - f**2 + 11 - 8. What is m(4)?
7
Let l(d) = d**3 - 5*d**2 + 5*d + 1. Let c be (-1)/(-3 - (-33)/12). Determine l(c).
5
Let v(a) = 9*a - 19. Let q(y) = -5*y + 10. Suppose -15 = -3*r, 3*u + 4*r - 3*r + 10 = 0. Let z(j) = u*q(j) - 3*v(j). Calculate z(5).
-3
Let k(h) = 5*h**2 + 2*h - 3. Let t(d) = -6*d**2 - 2*d + 4. Let q(m) = -3*k(m) - 2*t(m). Give q(1).
-4
Let t(p) = -p**3 - 6*p**2 - 3*p + 3. Suppose -2*b = -2*m - 5*b - 16, -4*b - 8 = 0. What is t(m)?
-7
Let a(g) = -g**2 + 21*g - 114. Let i be a(9). Let b(x) = -1 - x + 2 - 4. Determine b(i).
3
Let b(k) = -2*k + 10. Let f(o) = o - 5. Let q(g) = 2*b(g) + 5*f(g). What is q(3)?
-2
Let j = -8 - -6. Let a(s) = -s - 4. Determine a(j).
-2
Let z(r) = r + 16. Suppose -5*t - 72 = t. What is z(t)?
4
Suppose -3*q + q + 12 = 4*i, 3*i - 16 = -5*q. Suppose -1 - 3 = -4*y. Let x(t) = 8 - 2 - 2*t - y + t + t**q. What is x(0)?
5
Let k = -1 + 1. Let i(m) = -m**3 - m**2 + 8 + 2*m**2 + 7 - 7. What is i(k)?
8
Suppose 7*z - 16 = -3*k + 2*z, -k + 8 = 3*z. Let l(u) = -2 + 2*u**3 - 4*u + u + k*u**2 + 0*u**2 - u**2. Determine l(-2).
-8
Let j(k) = -k**3 - 4*k**2 + 2*k + 6. Let t be (-3)/9 - (-11)/(-3). What is j(t)?
-2
Let z(d) = -7*d - 4*d - 2*d + 1 + 12*d. What is z(-5)?
6
Let g be 8*(27/6)/9. Let o(d) be the second derivative of 0 + d + 1/20*d**5 + 3/2*d**2 + 1/12*d**g + 1/3*d**3. What is o(-2)?
-5
Suppose -2*c = 2*c + 4. Let i(v) = 3*v**2 + 1. Let z be i(1). Let w(u) = u + 0 + 5 - z - u**2. Give w(c).
-1
Let b(p) = 2*p**2 + p + 3*p**2 - 5 - 4*p**2. Suppose -5*a + 9 = -3*n, n - 2*n - 3 = -a. What is b(a)?
-5
Let a(h) = 4*h**2 - 2*h + 1. Let g(d) be the third derivative of -d**6/120 - 7*d**5/60 - d**4/4 + d**3/6 - 5*d**2. Let k be g(-6). Determine a(k).
3
Let t(k) = k + 3. Let m be t(0). Let p(q) = 98 - 31 - 34 - 32 + q. Determine p(m).
4
Let d(b) be the first derivative of b**2 - 3*b + 6. What is d(6)?
9
Let b(q) = -2*q**3 + 4*q**2 + 3*q + 2. Let d(m) = m**3 - m**2 + m - 2. Let v(l) = -b(l) - d(l). Let p(j) = -j - 2. Let f be p(-6). Give v(f).
0
Suppose -14*g + 27 = -1. Let o(m) be the first derivative of 0*m + 3 + 3/2*m**g. Determine o(1).
3
Let o(m) be the second derivative of m**4/12 + m**2/2 - 2*m. Let c be 8/(-12) + (-4)/(-6). What is o(c)?
1
Let w(i) = 6*i - 2 - 2*i - 2 + 2. Let k be w(-1). Let x(o) = o + 5. Give x(k).
-1
Let y = -415 + 9967/24. Let s(u) be the third derivative of 0*u - 7/6*u**3 + 0 - y*u**4 - 1/60*u**5 + 2*u**2. Determine s(-5).
3
Let n(w) = -2*w**2 + 4*w - 2. Let i(m) = m**3 - m - 1. Let o(q) = -i(q) + n(q). Suppose 2*g = 5*r + 5*g + 20, 3*g = -3*r - 12. Determine o(r).
11
Let z(l) = -l - 10. Let a(n) = -n - 9. Let d(t) = 6*a(t) - 5*z(t). Suppose -10 = 5*i + u, 2*u + 8 = 5*i + 33. Give d(i).
-1
Let i(x) = -x**3 - 5*x**2 - 6*x - 3. Let r(z) = z**3 + z**2 + z. Suppose 2*o = -0*o + 2. Let l(d) = o*i(d) + 2*r(d). Calculate l(4).
-3
Let j(y) = -y**3 - 5*y**2 - 5*y - 5. Suppose 1 = x + 5. What is j(x)?
-1
Let o(b) be the second derivative of 0 - 1/6*b**3 + 0*b**2 - 4*b. Give o(4).
-4
Let g(o) = 3*o + 3. Let t(k) = k + 1. Let s(f) = 4*g(f) - 11*t(f). What is s(2)?
3
Let b(o) = -2*o**2 + 2*o - 3. Let m(a) = 5*a**2 - 4*a + 7. Let h(n) = 7*b(n) + 3*m(n). Give h(-4).
8
Let l(d) = d - 2. Let t be l(7). Let w(m) = -m - t*m + 5*m. Give w(3).
-3
Suppose -21*c - 8 = -17*c. Let s(h) be the first derivative of -3*h**2/2 - 3*h + 1. Give s(c).
3
Let w(p) be the second derivative of 0 - 5*p - 1/20*p**5 - 5/2*p**2 + p**3 + 1/4*p**4. Calculate w(4).
3
Let s(c) = c**2 - 2*c. Let d be s(2). Let o(b) = 21*b**3 - 2*b**2 - 32*b**3 + 12*b**3 + 3*b**2 - 7 - b. Give o(d).
-7
Suppose 18*k - 23*k = -35. Let r(c) = -c**2 + 6*c + 4. Determine r(k).
-3
Let o(i) = -i**2 + 2*i + 2. Let x(q) = q**3 + q + 6. Let l be x(0). Let d(b) = 7*b + 5 - 3*b**2 + 1 - 1 + 2. Let g(f) = l*d(f) - 22*o(f). Determine g(2).
10
Let r(l) = -l**3 - 7*l**2 - 6*l + 5. Suppose -h + 3 = -4*v, 17 - 5 = -4*h + 4*v. What is r(h)?
-15
Let w(d) be the first derivative of d**4/24 - 2*d**3/3 + 2*d**2 + 1. Let g(z) be the second derivative of w(z). Calculate g(3).
-1
Let l(s) = -s**2 + s - 1. Let k be l(3). Let m(g) = -g - 2. Give m(k).
5
Let y(o) = o**3 + 6*o**2 + 5*o. Let s be 10/15 + (-34)/(-3). Let a(q) = -q + 7. Let x be a(s). What is y(x)?
0
Let h(s) be the first derivative of -s**5/60 + s**4/12 - 2*s**3/3 - 3. Let y(n) be the third derivative of h(n). Calculate y(5).
-8
Let u = -5 + 1. Let y = -8 - u. Let t(x) = x**2 + 6*x + 2. Determine t(y).
-6
Let a(n) be the first derivative of -n**6/120 + n**5/12 - 5*n**4/24 + n**3/3 - 4*n**2 + 2. Let i(f) be the second derivative of a(f). Calculate i(4).
-2
Let a be (-2)/4*(-16)/1. Let h(c) = -c**3 + 8*c**2 + c - 11. Let b be h(a). Let q(k) = k**2 + 5*k + 1. Calculate q(b).
-5
Let l(s) = -1 + 2*s + 9*s**2 + 8*s**2 - 15*s**2 + 11*s**3 + 2. What is l(-1)?
-10
Let s(o) = -o**2 + 7*o - 9. Let l be s(4). Let y(f) = f**3 - f**2 - f - 3. Determine y(l).
12
Let q(a) = 4*a - 1. Suppose 0 = 5*v - 5*l - 10, -5*v - 2*l = -24 - 0. Suppose 3*i = 5*n - n + v, 3*i + 1 = -n. Determine q(n).
-5
Let i(r) be the second derivative of r**3/6 + 4*r**2 - 3*r. Give i(-7).
1
Let s(h) = h**2 + h + 5. Let o be s(0). Let t(g) be the first derivative of g**4/4 - 2*g**3 + 4*g**2 - 6*g + 4. Determine t(o).
9
Let w(i) = i**3 - i**2 - 4*i - 1. Let h = -9 + 6. Let b = 0 - h. Determine w(b).
5
Let k(g) = 2*g - 1. Suppose -3*f - 12 = -6*f. Calculate k(f).
7
Let u(j) be the first derivative of j**4/4 - 8*j**3/3 + 7*j**2/2 - 10. What is u(7)?
0
Let k(b) = -3*b**2 + b + 1. Let j = -26 - -25. Calculate k(j).
-3
Suppose 0*a = -4*a - 8. Suppose -2*f - 3 = -3*f. Let y(i) = -i**2 - i + f - 1 - 2*i**2. Determine y(a).
-8
Let n be -2 + (-7)/(14/4). Let v(k) = k**3 + 2*k**2 - 4*k + 4. Give v(n).
-12
Suppose 2*c - 4*c = 8. Let s(w) = -w - 5. Give s(c).
-1
Let x(l) be the second derivative of -1/12*l**4 + 5*l + 0 + 1/2*l**3 + 0*l**2. Suppose 8 = 3*j - 4. Give x(j).
-4
Suppose 11*l - 2 = 9*l. Let a(b) = -4*b**2 + 2*b - 1. What is a(l)?
-3
Let x(p) = -4*p**2 - 5*p + 3. Let b(i) = -7*i**2 - 9*i + 5. Suppose -2*u - 5*h = -2 + 7, -45 = -3*u + 3*h. Let g(j) = u*x(j) - 6*b(j). Determine g(-3).
6
Suppose q - 3*q + 4*j = -6, -4*j - 16 = 0. Let s(z) = 5*z + 5 + 0*z - 4 - 4*z. Calculate s(q).
-4
Let j(t) = t**3 + 7*t**2 + t - 1. Suppose -2*v = -5*d - 4, v - 2*d = -6*d + 2. Suppose -v*r = -3*r - 7. Give j(r).
-8
Suppose -2*g + 3*x - 20 = -4*g, -x - 12 = -4*g. Let b(l) = -11*l + 3 + g + 9*l - 2. Give b(6).
-7
Let s(x) be the first derivative of -1 - x**2 + 1/4*x**4 + 1/3*x**3 + x. Let p(h) = -h + 2. Let u be p(5). Calculate s(u).
-11
Let p = -33 - -25. Let v(g) = g**2 + 7*g. Calculate v(p).
8
Let o(s) be the third derivative of -s**4/12 + s**3/6 - 4*s**2. Let z be 4/6 - 11/3. Let y be -5 - ((-3)/z - 4). Calculate o(y).
5
Let s(f) = 3*f - 5. Let d(y) = -3*y + 4. Let n be 17/7 - (-3)/(-7). Let r(h) = n*s(h) + 3*d(h). What is r(3)?
-7
Let v(i) be the third derivative of -i**5/60 + 2*i**3 + 9*i**2. What is v(0)?
12
Let a be ((-6)/12)/(3/6). Let h(m) = -5*m**2 - m - 1. Give h(a).
-5
Let p(d) = 3*d**2 + 2*d + 1. Let h be 7/5 - 2/5